-62.
40
What is the value of -15 + 22 + -25 + (-3 - -12) - 22?
-31
13 + -9 + -12 + 4 + (2 - 7)
-9
What is the value of 0 + -29 + -35 + -7 + 6 + 16 + 13?
-36
What is the value of -1110 + 1090 + (9 - 0) + (3 - (-69 + -3))?
64
What is -20 + (5 + (34 - -11) - -23)?
53
What is the value of 13 + 0 + 10 + (-118 - -52) + 112?
69
What is 93 + -103 + (37 - (2 + 5 + 0))?
20
What is the value of 11 + (19 - 41) + 19 + 32?
40
(16 - 7) + -2 + 9 + 5 + -7
14
(-69 + 123 - 47) + -69
-62
-5 + -30 - (-68 + 38 + 29)
-34
Evaluate (1 - 70 - (151 - 168)) + 4 + -2 + 8.
-42
-27 - (-10 - ((21 - 22) + 11)) - (0 - -12)
-19
What is -3 - -14 - (234 - 183)?
-40
(-24 + 24 - 21) + 4 + -37
-54
What is (1 - -4 - 4 - (22 + -1 + -10)) + -17?
-27
Evaluate -67 + 5 + (-14 - (28 + -31)).
-73
Evaluate -8 + -25 + 67 - (31 - 2).
5
What is -500 - -465 - (1 + -2 + 0 + 5)?
-39
Evaluate (68 - (23 + 64)) + -26.
-45
Calculate -104 - (26 + -137 - -56).
-49
Evaluate -104 + 36 - -52 - (-4 - -55 - 5).
-62
18 + -1 - (-16 - (-50 - -47))
30
-1 + -73 + (-789 - -828)
-35
What is the value of 48 + 4 + 0 + 45?
97
What is -41 - (-11 + (-6 - -7) + 11 - -13)?
-55
What is the value of -12 + ((-9 - 7) + 100 - -2)?
74
Calculate -3 - (1 - -1) - (-108 + 53 + -53 + 3).
100
What is (-14 - (-6 - -2)) + (-64 - (-2 - (0 - -2)))?
-70
-259 + -256 + 510 - (1 - (0 - -21))
15
Calculate 5 + (-9 - (29 - 19)) + -33.
-47
2327 + -2467 - (-3 - 119)
-18
Evaluate (26 - 6) + 49 + -126.
-57
What is the value of -20 - (46 + (-178 - -58))?
54
Calculate -69 - (-53 + 2 + 25).
-43
114 - 101 - (-4 - (-21 + -6))
-10
Evaluate (3 + 39 - (1 + 24)) + 7.
24
What is 33 + -10 - (18 - (-2 + 3)) - 67?
-61
What is (-62 - (-30 + -53)) + (-6 - -66)?
81
What is the value of -13 - 1 - (-70 + -18 + 10 + 16)?
48
-26 - (-10 + (-2 + -4 - (-55 + 45)))
-20
Calculate 190 + (-117 - -91) - 139.
25
What is -5 + 1 + -5 + 10 - 7 - (-49 - 12)?
55
What is (-54 + 175 - 66) + -97?
-42
Evaluate 3 - ((4 - (24 + -12)) + (-6 - -11)) - -80.
86
What is the value of (48 - (22 - 6) - (-14 - -1)) + 8?
53
Calculate 121 - (1 + -22 + 21) - (7 + 1 + 1).
112
What is the value of 4 + (-2 - 20) + (8 - -23)?
13
18 - (13 + (14 - 25) + 27)
-11
10 + (-10 - 10 - -18 - -5)
13
What is the value of 16 - (-40 + -56 - (-16 + 3 + -1))?
98
Evaluate (2 - 10) + (75 + -9 - 47) + 20 + 2.
33
13 - (65 - (-2 - -78))
24
-11 + (14 - 11) + -60 + 20
-48
What is the value of (16 - -4) + -390 + 404?
34
-39 + (-63 - -123) - 69
-48
-5 - -9 - -75 - (57 - 29)
51
What is -5 - (-12 + 5) - (13 + 4)?
-15
Evaluate -35 - (20 + (-11 - 3) - -14) - (-7 - 0).
-48
Calculate -22 + (-13 - 38) - -43.
-30
Calculate 88 - (-72 - (93 - 310)).
-57
What is (1 - 13) + (73 - 88 - 17)?
-44
What is -87 + 4 - (18 + (-18 - -15) + -10)?
-88
Calculate -51 - -21 - -15 - 7 - 8.
-30
-19 + (16 - ((-41 - -36) + (5 - -12)))
-15
16 - (8 - 2) - (17 - 124 - -55)
62
Calculate (-8 - (8 + (22 - 10 - 43))) + -51.
-36
1 - -53 - (428 - 354)
-20
Calculate 57 - (76 + -115 - -51).
45
Calculate 1 + 78 + (7 - 18).
68
Evaluate (-82 - -213) + -304 - -41.
-132
What is 71 + 44 - 50 - 44?
21
-435 - -318 - ((-7 - 0 - -5) + -16)
-99
Calculate 10 + (-5 - -78 - (-27 + 7 + 10)).
93
(34 - 119) + 14 + 25
-46
What is 20 + 31 + -15 + -14?
22
What is the value of (-54 - (32 + 15) - 45) + 31?
-115
Evaluate (-26 + 11 - (0 + -3 + -9)) + 9 - 118.
-112
Evaluate -52 + (-7 + 34 - -26).
1
Calculate 62 - (20 + -13) - (119 + -146).
82
Evaluate -50 + (-20 + 19 - -55).
4
Calculate (-515 - -245) + (168 - 30).
-132
38 + -21 - (-4 + 2 + -3 + 49)
-27
Evaluate -23 - ((-56 - 2) + -3 + 25) - (0 + -20).
33
Calculate 4 - (28 - (20 + 21)).
17
What is the value of (22 - (57 - 4 - 29)) + -10?
-12
What is the value of -124 + (140 - 35) + -54?
-73
Evaluate 8 - (-16 + -1 + (30 - (-66 - -37))).
-34
-21 + (-23 + 26 - 9) + 47
20
What is 47 - (-10 - (9 - (0 - -19)) - (0 + 8))?
55
Calculate -5 + -10 + 9 + -6 + (-6 + 50 - -12).
44
-25 - (-49 + -14 + -41 - -23)
56
Calculate (-13 - (12 + 6 + -68)) + (3 + 4 - 0).
44
What is the value of -133 + 74 + (76 - 98)?
-81
What is -7 + -6 + -76 + (32 - 10) + (4 - 14)?
-77
8 + 3 + (-1 - (5 + -9 + 6)) + -14
-6
-15 + (-1 - 57) + 3 + (-24 - -33)
-61
What is 19 + -96 + 107 - 58?
-28
Calculate 18 - (1 + (-10 + 11 - 19)) - (14 - 4).
25
Calculate -2205 + 2181 + 59 + 1 - 59.
-23
Calculate 3 + -11 + (13 - 3 - 87) - -6.
-79
What is -10 + 64 + (20 - (-2 - 0)) + -20?
56
Calculate 7 + (28 - 69) + 20.
-14
Evaluate 12 + -23 - (-56 + -14 + (6 - -22) + 0).
31
(9 + 1 - (-11 + (30 - -30))) + 4
-35
Calculate 11 + (-6 - -9) - 1 - 1 - 38.
-26
What is 11 + (-25 - (-15 + 9)) - (7 + 6)?
-21
117 + -27 + (-5 - ((15 - 14) + -2 - 16))
102
Calculate (0 - (4 - -2)) + (13 - (-59 - -74 - 31)).
23
-9 + -7 - (11 + 4 - 23)
-8
8 + -3 + 10 + -10 + 36 + -13 + 5
33
Evaluate 1 - 33 - (-84 - (-7 - 67)).
-22
Evaluate -14 + (-4 + 6 + -10 - (49 - 7)).
-64
What is the value of -10 + 45 - (0 - (5 - -3) - -4)?
39
What is (-1 - -23 - 0) + (-1847 - -1857 - (3 - 2))?
31
What is the value of 40 - (1 - -14 - (1142 + -1133))?
34
What is -63 + 1 - (-2132 - -2092)?
-22
What is the value of 79 + (54 - (57 + 103))?
-27
What is the value of 6 + -2 + 9 + 1 + (4 - 21 - -15)?
12
Evaluate 105 - 28 - (93 - 13).
-3
-30 - ((2 - 4 - -11) + 1 + -2)
-38
Calculate 77 + -24 + -17 + (16 + -5 - 0).
47
What is 22 + 8 + 0 + 1 + -149?
-118
101 + -103 + -4 + -6 + 8
-4
-4 - (-18 + 2 + 8 - (-123 - (5 + -2)))
-122
Calculate (2844 - 2826 - (24 - -1)) + 127.
120
What is 7 + -2 + 5 - -3 - (-3155 + 3227)?
-59
880 + -934 - (1 + -59)
4
(140 + -81 - 62) + -17 + 2 + -2
-20
Evaluate (7 + -3 - 5) + -66 - (-64 + 67).
-70
What is 3 + (39 - 68) + 37?
11
Calculate -18 - (150 - 148 - (-1 + -3) - 87).
63
Evaluate -1 + 8 + (-12 - -15) + (37 - (0 - 1)).
48
Calculate 12 + 1 - (293 + -338).
58
What is -28 + 26 - 33 - 2?
-37
What is the value of 75 + (-33 - (8 - (26 - 3)))?
57
1035 - 1063 - (-56 + -2)
30
What is 19 + -7 + -7 - (4 + -9 + 6)?
4
(-11 - -3 - 2) + -53 + (-104 - -217)
50
Evaluate -130 + 119 - (-3 + (-5 - -4)).
-7
36 - ((43 - -1) + -17)
9
-5 - -5 - 7 - (-128 - -150)
-29
Evaluate 2 + -11 + (-7 - 8 - -4) + 11 + 6.
-3
What is 1 + -5 - (2 + -3 + -14 + 40)?
-29
What is the value of -70 + (4 + (-14 - -1) - (720 - 744))?
-55
Calculate (-4 - 6) + (31 - (7 - -26)).
-12
What is 6 - (6 - (-57 + -41))?
-98
46 + 0 + 8 + -16 + 9
47
What is 54 + -10 - (-6 - -48) - (-1 + 1 - 30)?
32
Evaluate (84 - (144 - 62)) + (-3 - 4).
-5
Evaluate -43 + (10 - (-7 + 17 - 20 - (-7 + -1))).
-31
Calculate (60 - 88) + 17 - 63.
-74
What is the value of 1 + -1 + -8 + (-2 - (17 - (-12 + 38)))?
-1
Evaluate -91 + (17 - (-41 + 46)) + -22.
-101
Evaluate -1424 + 1493 + -1 + -131.
-63
Calculate 17 + (-14 - 6) - (-17 + 3 + -2).
13
Calculate -41 - (4 + -14 - 13).
-18
Evaluate -5 - (-26 + 23 + -7) - ((1 - 1) + -24).
29
What is 6 - (118 - 159) - -65?
112
-1307 + 1305 - (-1 + (-2 - 1) + 45)
-43
What is the value of (26 - 58 - -15) + 8 + -16?
-25
Calculate 30 + (11 - 132 - -70).
-21
What is (62 - 18) + (-7 - -3) + 10 + 5 + -1?
54
Evaluate -530 + 563 + 0 + (1 - 38).
-4
43 - (0 - (-2 + -5)) - (8 - 6)
34
Evaluate (-900 - -864) + (1 - -79).
44
Calculate -7 - (-3 + 1) - ((-100 - (-18 - 21)) + -3).
59
Evaluate -215 - -307 - (4 + 6 + -7 + -8 + -2).
99
Evaluate -24 - (10 - -6 - (22 - 12)) - -16.
-14
What is the value of 38 - -1 - (44 + -66 + 19)?
42
Evaluate 17 + 10 + -7 + (-9 - (5 + -12)).
18
134 - (-15 + 6 + (0 - -34) - (-23 + 35))
121
Calculate (23 - 4 - -11) + -21 + (-30 - 1).
-22
What is the value of 63 - (77 - (41 + -3))?
24
27 + 10 + (-20 - -1 - (5 + -17))
30
Evaluate -40 + (-42 - -64) + (3 - -1) + -61.
-75
51 + (-170 + 65 - -3)
-51
Evaluate -2 + -1 + (1 - (58 - 20)).
-40
What is the value of -11 + (-16 + 25 - 14) - -6 - (0 - -39)?
-49
What is the value of -6 - (-11 + -5 + -10 + 6 + 88 + -6)?
-68
What is -26 + 1 - (2 + 0) - (499 + 215 + -706)?
-35
What is the value of 60 + -74 + 28 - (26 - -2)?
-14
What is 76 - (-11 + 21) - 8 - (12 - 20)?
66
What is (-451 + 463 - ((51 - 2) + -2 - 1)) + 4?
-30
What is (-221 - -67) + 79 + 66?
-9
-23 + -1 - (-406 + 358)
24
Evaluate 3 + 6 + -5 + -15 + 1 + 3 + -8.
-15
What is 1 - 76 - (-55 - (54 + -35 + -70))?
-71
Evaluate (-1 - 16) + (-9 - (-54 - 17)) + 18.
63
Calculate -24 - 13 - (31 + (-26 - -7)).
-49
What is -21 - ((-4 - (-13 + 6)) + -9) - -48?
33
What is the value of -68 +